{"id":24,"date":"2015-10-13T06:58:01","date_gmt":"2015-10-13T06:58:01","guid":{"rendered":"http:\/\/test.budomur.pl\/?page_id=24"},"modified":"2026-01-29T13:04:49","modified_gmt":"2026-01-29T13:04:49","slug":"o-nas-2","status":"publish","type":"page","link":"https:\/\/budomur.pl\/?page_id=24","title":{"rendered":"O nas"},"content":{"rendered":"\t\t<div data-elementor-type=\"wp-post\" data-elementor-id=\"24\" class=\"elementor elementor-24\">\n\t\t\t\t\t\t<section class=\"elementor-section elementor-top-section elementor-element elementor-element-3a109b56 elementor-section-stretched elementor-section-boxed elementor-section-height-default elementor-section-height-default\" data-id=\"3a109b56\" data-element_type=\"section\" data-e-type=\"section\" data-settings=\"{&quot;background_background&quot;:&quot;classic&quot;,&quot;shape_divider_bottom&quot;:&quot;curve&quot;,&quot;shape_divider_bottom_negative&quot;:&quot;yes&quot;,&quot;stretch_section&quot;:&quot;section-stretched&quot;}\">\n\t\t\t\t\t\t\t<div class=\"elementor-background-overlay\"><\/div>\n\t\t\t\t\t\t<div class=\"elementor-shape elementor-shape-bottom\" aria-hidden=\"true\" data-negative=\"true\">\n\t\t\t<svg xmlns=\"http:\/\/www.w3.org\/2000\/svg\" viewBox=\"0 0 1000 100\" preserveAspectRatio=\"none\">\n\t<path class=\"elementor-shape-fill\" d=\"M500,97C126.7,96.3,0.8,19.8,0,0v100l1000,0V1C1000,19.4,873.3,97.8,500,97z\"\/>\n<\/svg>\t\t<\/div>\n\t\t\t\t\t<div class=\"elementor-container elementor-column-gap-default\">\n\t\t\t\t\t<div class=\"elementor-column elementor-col-100 elementor-top-column elementor-element elementor-element-4044b77e\" data-id=\"4044b77e\" data-element_type=\"column\" data-e-type=\"column\">\n\t\t\t<div class=\"elementor-widget-wrap elementor-element-populated\">\n\t\t\t\t\t\t<div class=\"elementor-element elementor-element-74a6d02c elementor-widget elementor-widget-heading\" data-id=\"74a6d02c\" data-element_type=\"widget\" data-e-type=\"widget\" data-widget_type=\"heading.default\">\n\t\t\t\t<div class=\"elementor-widget-container\">\n\t\t\t\t\t<h2 class=\"elementor-heading-title elementor-size-default\">O nas<\/h2>\t\t\t\t<\/div>\n\t\t\t\t<\/div>\n\t\t\t\t<div class=\"elementor-element elementor-element-603c7667 elementor-widget-divider--view-line elementor-widget elementor-widget-divider\" data-id=\"603c7667\" data-element_type=\"widget\" data-e-type=\"widget\" data-widget_type=\"divider.default\">\n\t\t\t\t<div class=\"elementor-widget-container\">\n\t\t\t\t\t\t\t<div class=\"elementor-divider\">\n\t\t\t<span class=\"elementor-divider-separator\">\n\t\t\t\t\t\t<\/span>\n\t\t<\/div>\n\t\t\t\t\t\t<\/div>\n\t\t\t\t<\/div>\n\t\t\t\t\t<\/div>\n\t\t<\/div>\n\t\t\t\t\t<\/div>\n\t\t<\/section>\n\t\t\t\t<section class=\"elementor-section elementor-top-section elementor-element elementor-element-60297847 elementor-section-stretched elementor-section-boxed elementor-section-height-default elementor-section-height-default\" data-id=\"60297847\" data-element_type=\"section\" data-e-type=\"section\" data-settings=\"{&quot;background_background&quot;:&quot;classic&quot;,&quot;stretch_section&quot;:&quot;section-stretched&quot;}\">\n\t\t\t\t\t\t<div class=\"elementor-container elementor-column-gap-wide\">\n\t\t\t\t\t<div class=\"elementor-column elementor-col-100 elementor-top-column elementor-element elementor-element-64a25949\" data-id=\"64a25949\" data-element_type=\"column\" data-e-type=\"column\">\n\t\t\t<div class=\"elementor-widget-wrap elementor-element-populated\">\n\t\t\t\t\t\t<div class=\"elementor-element elementor-element-8fb8919 elementor-widget elementor-widget-heading\" data-id=\"8fb8919\" data-element_type=\"widget\" data-e-type=\"widget\" data-widget_type=\"heading.default\">\n\t\t\t\t<div class=\"elementor-widget-container\">\n\t\t\t\t\t<h3 class=\"elementor-heading-title elementor-size-default\">Nasza historia<\/h3>\t\t\t\t<\/div>\n\t\t\t\t<\/div>\n\t\t\t\t<div class=\"elementor-element elementor-element-22659ea5 elementor-view-default elementor-widget elementor-widget-icon\" data-id=\"22659ea5\" data-element_type=\"widget\" data-e-type=\"widget\" data-widget_type=\"icon.default\">\n\t\t\t\t<div class=\"elementor-widget-container\">\n\t\t\t\t\t\t\t<div class=\"elementor-icon-wrapper\">\n\t\t\t<div class=\"elementor-icon\">\n\t\t\t\t\t\t\t<i class=\"fa fa-home\" aria-hidden=\"true\"><\/i>\n\t\t\t\t\t\t<\/div>\n\t\t<\/div>\n\t\t\t\t\t\t<\/div>\n\t\t\t\t<\/div>\n\t\t\t\t<section class=\"elementor-section elementor-inner-section elementor-element elementor-element-707ede1 elementor-section-boxed elementor-section-height-default elementor-section-height-default\" data-id=\"707ede1\" data-element_type=\"section\" data-e-type=\"section\">\n\t\t\t\t\t\t<div class=\"elementor-container elementor-column-gap-default\">\n\t\t\t\t\t<div class=\"elementor-column elementor-col-50 elementor-inner-column elementor-element elementor-element-71c077a\" data-id=\"71c077a\" data-element_type=\"column\" data-e-type=\"column\">\n\t\t\t<div class=\"elementor-widget-wrap elementor-element-populated\">\n\t\t\t\t\t\t<div class=\"elementor-element elementor-element-b65b085 elementor-widget elementor-widget-text-editor\" data-id=\"b65b085\" data-element_type=\"widget\" data-e-type=\"widget\" data-widget_type=\"text-editor.default\">\n\t\t\t\t<div class=\"elementor-widget-container\">\n\t\t\t\t\t\t\t\t\t<p>Przedsi\u0119biorstwo Handlowo-Us\u0142ugowe BUDOMUR zosta\u0142o za\u0142o\u017cone w maju 1999 r. jako odpowied\u017a na zapotrzebowanie rynku na dobre budownictwo. Siedzib\u0105 firmy jest Pu\u0142tusk. Obecnie jeste\u015bmy jedn\u0105 z wiod\u0105cych firm na rynku w rejonie Pu\u0142tuska i okolic. Zajmujemy si\u0119 przede wszystkim budow\u0105 oraz remontem dom\u00f3w, segment\u00f3w, mieszka\u0144 i budynk\u00f3w u\u017cyteczno\u015bci publicznej. Wsp\u00f3\u0142pracujemy z podmiotami gospodarczymi i inwestorami prywatnymi. Zakres wykonywanych przez nas prac obejmuje kompleksowe wykonanie obiekt\u00f3w, czyli: roboty ziemne, prace elewacyjno-ociepleniowe, instalacyjne i wyko\u0144czeniowe. Pomagamy w realizowaniu plan\u00f3w o w\u0142asnym domu, od wykonania projektu pocz\u0105wszy przez przygotowanie kosztorys\u00f3w, wyb\u00f3r materia\u0142\u00f3w, za\u0142atwianie spraw urz\u0119dowych, na zrealizowaniu projektu sko\u0144czywszy. Budujemy domy zar\u00f3wno na dzia\u0142kach klient\u00f3w, jak i na dzia\u0142kach b\u0119d\u0105cych w\u0142asno\u015bci\u0105 naszej firmy.<\/p><p>Naszym g\u0142\u00f3wnym priorytetem jest spe\u0142nienie oczekiwa\u0144 klient\u00f3w, co jest mo\u017cliwe m. in. dzi\u0119ki wysokiej jako\u015bci oferowanych przez nas produkt\u00f3w i us\u0142ug. Wsp\u00f3\u0142pracujemy wy\u0142\u0105cznie ze sprawdzonymi firmami, maj\u0105cymi ugruntowan\u0105 pozycj\u0119 na rynku polskim. Zatrudniamy tak\u017ce wysokiej jako\u015bci profesjonalist\u00f3w w ka\u017cdej dziedzinie. \u015awiadectwem tego jest wiele pozytywnych opinii wydanych przez naszych klient\u00f3w i firmy, z kt\u00f3rymi wsp\u00f3\u0142pracujemy.<\/p><p>W 2009 r. wychodz\u0105c naprzeciw zmianom na rynku powo\u0142ali\u015bmy do \u017cycia sp\u00f3\u0142k\u0119 P.H.U. BUDOMUR Sp. z o. o., kt\u00f3ra jest efektem wieloletniego do\u015bwiadczenia w dzia\u0142alno\u015bci budowlano-handlowej, zar\u00f3wno ze strony organizacyjnej, jak i personalnej.<\/p>\t\t\t\t\t\t\t\t<\/div>\n\t\t\t\t<\/div>\n\t\t\t\t\t<\/div>\n\t\t<\/div>\n\t\t\t\t<div class=\"elementor-column elementor-col-50 elementor-inner-column elementor-element elementor-element-1ac8077\" data-id=\"1ac8077\" data-element_type=\"column\" data-e-type=\"column\">\n\t\t\t<div class=\"elementor-widget-wrap elementor-element-populated\">\n\t\t\t\t\t\t<div class=\"elementor-element elementor-element-1456ea4 elementor-widget elementor-widget-text-editor\" data-id=\"1456ea4\" data-element_type=\"widget\" data-e-type=\"widget\" data-widget_type=\"text-editor.default\">\n\t\t\t\t<div class=\"elementor-widget-container\">\n\t\t\t\t\t\t\t\t\t<p>Tak\u017ce w roku 2009 P.H.U. BUDOMUR znalaz\u0142o si\u0119 w gronie 100 najbardziej dynamicznie rozwijaj\u0105cych si\u0119 firm na Mazowszu i zosta\u0142o uhonorowane tytu\u0142em Gazeli Biznesu 2009 przyznawanym przez Puls Biznesu.<\/p><p>Ka\u017cdy klient przy zakupie domu, mieszkania lub segmentu otrzymuje mo\u017cliwo\u015b\u0107 wykonania bezp\u0142atnej aran\u017cacji wn\u0119trz. Wykonuj\u0105c aran\u017cacj\u0119 wykorzystujemy sprawdzone materia\u0142y dost\u0119pne w wi\u0119kszo\u015bci sklep\u00f3w budowlanych, tak \u017ceby stworzy\u0107 jak najbardziej realne do wykonania wn\u0119trza. S\u0142u\u017cymy tak\u017ce rad\u0105 dla os\u00f3b, kt\u00f3re nie maj\u0105 pomys\u0142u jak urz\u0105dzi\u0107 mieszkanie. Przeszukujemy bazy producent\u00f3w, \u017ceby wybra\u0107 optymalne dla naszych klient\u00f3w rozwi\u0105zania: od klasycznych do nowoczesnych, od pasteli po soczyste czerwienie, od drewna po szk\u0142o i metal, od materia\u0142\u00f3w ta\u0144szych, po te dro\u017csze \u2013 doradzamy i razem urz\u0105dzamy \u2013 nie narzucamy gotowych, szablonowych rozwi\u0105za\u0144. Wykonujemy tak\u017ce projekty dom\u00f3w jedno- i wielorodzinnych, budynk\u00f3w gospodarczych, gara\u017cy, budynk\u00f3w handlowych i innych. Nasi projektanci pomagaj\u0105 w wyborze optymalnego rozwi\u0105zania w projektowaniu wymarzonego domu, gara\u017cu, czy innego budynku, pomagaj\u0105 przej\u015b\u0107 d\u0142ug\u0105 drog\u0119 w za\u0142atwianiu formalno\u015bci, powiedz\u0105, na co warto zwr\u00f3ci\u0107 uwag\u0119 jeszcze na etapie projektu, \u017ceby w przysz\u0142o\u015bci mieszka\u0142o nam si\u0119 jak najlepiej. Podpowiadaj\u0105 tak\u017ce na co zwr\u00f3ci\u0107 uwag\u0119 wybieraj\u0105c najbardziej efektywne rozwi\u0105zania pod k\u0105tem wygody i oszcz\u0119dno\u015bci w p\u00f3\u017aniejszej eksploatacji budynku.Dla os\u00f3b, kt\u00f3re chcia\u0142yby wybra\u0107 gotowy projekt domu mamy do wyboru najwi\u0119ksze biura architektoniczne i projektowe w Polsce<\/p>\t\t\t\t\t\t\t\t<\/div>\n\t\t\t\t<\/div>\n\t\t\t\t\t<\/div>\n\t\t<\/div>\n\t\t\t\t\t<\/div>\n\t\t<\/section>\n\t\t\t\t<div class=\"elementor-element elementor-element-7729b6e elementor-widget elementor-widget-heading\" data-id=\"7729b6e\" data-element_type=\"widget\" data-e-type=\"widget\" data-widget_type=\"heading.default\">\n\t\t\t\t<div class=\"elementor-widget-container\">\n\t\t\t\t\t<h2 class=\"elementor-heading-title elementor-size-default\">Wybrane inwestycje zrealizowane przez PHU BUDOMUR<\/h2>\t\t\t\t<\/div>\n\t\t\t\t<\/div>\n\t\t\t\t<div class=\"elementor-element elementor-element-d95b503 elementor-widget elementor-widget-text-editor\" data-id=\"d95b503\" data-element_type=\"widget\" data-e-type=\"widget\" data-widget_type=\"text-editor.default\">\n\t\t\t\t<div class=\"elementor-widget-container\">\n\t\t\t\t\t\t\t\t\t<p style=\"text-align: center;\"><strong>OSIEDLE S\u0141ONECZNE<\/strong>\u00a0\u2013 zesp\u00f3\u0142 34 dom\u00f3w w zabudowie szeregowej<\/p><p style=\"text-align: center;\"><strong>KAMIENICA PRZY RYNKU (RYBITEW)<\/strong>\u00a0\u2013 8 mieszka\u0144 i dwa lokale us\u0142ugowe<\/p><p style=\"text-align: center;\"><strong>MINI OSIEDLE GRAB\u00d3WIEC<\/strong>\u00a0\u2013 domy jednorodzinne z du\u017cymi dzia\u0142kami<\/p><p style=\"text-align: center;\"><strong>OSIEDLE S\u0141ONECZNE ZACISZE<\/strong>\u00a0etap I \u2013 domy z du\u017cymi dzia\u0142kami po\u0142o\u017cone przy ul. Bia\u0142owiejskiej w Pu\u0142tusku<\/p><p style=\"text-align: center;\"><strong>OSIEDLE S\u0141ONECZNE ZACISZE<\/strong>\u00a0etap II \u2013 domy z du\u017cymi dzia\u0142kami po\u0142o\u017cone przy ul. Bia\u0142owiejskiej w Pu\u0142tusku<\/p><p style=\"text-align: center;\"><strong>OSIEDLE B\u0141EKITNE\u00a0<\/strong>w Pu\u0142tusku \u2013 8 budynk\u00f3w jednorodzinnych po\u0142\u0105czonych du\u017cymi tarasami<\/p><p style=\"text-align: center;\"><strong>APARTAMENTY PRELUDIUM<\/strong>\u00a0\u2013 37 mieszka\u0144 i apartament\u00f3w po\u0142o\u017conych w centrum Wyszkowa<\/p><p style=\"text-align: center;\"><strong>OSIEDLE RESIDENT<\/strong>\u00a0po\u0142o\u017cone przy ul. Dobrej Wr\u00f3\u017cki w Wyszkowie \u2013 6 dom\u00f3w w zabudowie szeregowej<\/p><p style=\"text-align: center;\"><strong>KAMIENICA PRZY RYNKU<\/strong>\u00a0w Pu\u0142tusku \u2013 mieszkania oraz lokale us\u0142ugowe<\/p><p style=\"text-align: center;\"><strong>MIESZKANIA I APARTAMENTY ZIELONY ZAK\u0104TEK<\/strong>\u00a0\u2013 24 mieszkania po\u0142o\u017cone w \u0141ochowie<\/p><p style=\"text-align: center;\"><strong>APARTAMENTY AKACJOWE TARASY<\/strong>\u00a0\u2013 30 mieszka\u0144 w Wyszkowie<\/p><p style=\"text-align: center;\"><strong>OSIEDLE GREEN HOUSE<\/strong>\u00a0w Pu\u0142tusku oraz Wyszkowie \u2013 domy jednorodzinne w zabudowie szeregowej<\/p><p style=\"text-align: center;\"><strong>APARTAMENTY JACKA SOPLICY<\/strong>\u00a0w Pu\u0142tusku \u2013 12 mieszka\u0144 z du\u017cymi balkonami i wind\u0105<\/p><p style=\"text-align: center;\"><strong>OSIEDLE IMPRESJA<\/strong>\u00a0w Pu\u0142tusku \u2013 36 mieszka\u0144 z du\u017cymi balkonami i loggiami<\/p><p style=\"text-align: center;\"><strong>APARTAMENTY PRESTIGE<\/strong>\u00a0w Legionowie \u2013 nowoczesny budynek z wewn\u0119trznym patio<\/p><p style=\"text-align: center;\"><strong>APARTAMENTY PI\u0141SUDSKIEGO<\/strong>\u00a0<strong> I<\/strong> \u2013 37 mieszka\u0144 po\u0142o\u017conych w Wyszkowie<\/p><p><strong>APARTAMENTY PI\u0141SUDSKIEGO II<\/strong> \u2013 52 mieszkania po\u0142o\u017cone w Wyszkowie<\/p><p><strong>APARTAMENTY PI\u0141SUDSKIEGO III<\/strong> \u2013 76 mieszka\u0144 po\u0142o\u017conych w Wyszkowie<\/p><p style=\"text-align: center;\"><strong>OSIEDLE IMPRESJA II<\/strong>\u00a0w Pu\u0142tusku \u2013 21 mieszka\u0144 z du\u017cymi balkonami<\/p><p style=\"text-align: center;\"><strong>APARTAMENTY NORWIDA<\/strong>\u00a0\u2013 14 mieszka\u0144 po\u0142o\u017conych w Wyszkowie<\/p><p><strong>OSIEDLE PRZY PU\u0141TUSKIEJ<\/strong> \u2013 dwa budynki wielorodzinne z 77 mieszkaniami po\u0142o\u017cone\u00a0 w Wyszkowie<\/p><p><strong>APARTAMENTY MICKIEWICZA <\/strong>\u2013 dwa budynki wielorodzinne z 38 mieszkaniami ka\u017cdy po\u0142o\u017cone w Pu\u0142tusku<\/p><p style=\"text-align: center;\"><strong>APARTAMENTY MICKIEWICZA<\/strong> \u2013 kompleks trzech budynk\u00f3w wielorodzinnych z 40 mieszkaniami ka\u017cdy po\u0142o\u017cone w Pu\u0142tusku\u00a0\u00a0<\/p>\t\t\t\t\t\t\t\t<\/div>\n\t\t\t\t<\/div>\n\t\t\t\t\t<\/div>\n\t\t<\/div>\n\t\t\t\t\t<\/div>\n\t\t<\/section>\n\t\t\t\t<section class=\"elementor-section elementor-top-section elementor-element elementor-element-1b98830 elementor-section-stretched elementor-section-boxed elementor-section-height-default elementor-section-height-default\" data-id=\"1b98830\" data-element_type=\"section\" data-e-type=\"section\" data-settings=\"{&quot;stretch_section&quot;:&quot;section-stretched&quot;}\">\n\t\t\t\t\t\t<div class=\"elementor-container elementor-column-gap-default\">\n\t\t\t\t\t<div class=\"elementor-column elementor-col-100 elementor-top-column elementor-element elementor-element-d81bed8\" data-id=\"d81bed8\" data-element_type=\"column\" data-e-type=\"column\">\n\t\t\t<div class=\"elementor-widget-wrap elementor-element-populated\">\n\t\t\t\t\t\t<div class=\"elementor-element elementor-element-6b1d5aa elementor-widget elementor-widget-heading\" data-id=\"6b1d5aa\" data-element_type=\"widget\" data-e-type=\"widget\" data-widget_type=\"heading.default\">\n\t\t\t\t<div class=\"elementor-widget-container\">\n\t\t\t\t\t<h2 class=\"elementor-heading-title elementor-size-default\">Nasze osi\u0105gni\u0119cia<\/h2>\t\t\t\t<\/div>\n\t\t\t\t<\/div>\n\t\t\t\t<div class=\"elementor-element elementor-element-4d882c4 elementor-widget-divider--view-line elementor-widget elementor-widget-divider\" data-id=\"4d882c4\" data-element_type=\"widget\" data-e-type=\"widget\" data-widget_type=\"divider.default\">\n\t\t\t\t<div class=\"elementor-widget-container\">\n\t\t\t\t\t\t\t<div class=\"elementor-divider\">\n\t\t\t<span class=\"elementor-divider-separator\">\n\t\t\t\t\t\t<\/span>\n\t\t<\/div>\n\t\t\t\t\t\t<\/div>\n\t\t\t\t<\/div>\n\t\t\t\t\t<\/div>\n\t\t<\/div>\n\t\t\t\t\t<\/div>\n\t\t<\/section>\n\t\t\t\t<section class=\"elementor-section elementor-top-section elementor-element elementor-element-f228e60 elementor-section-stretched elementor-section-boxed elementor-section-height-default elementor-section-height-default\" data-id=\"f228e60\" data-element_type=\"section\" data-e-type=\"section\" data-settings=\"{&quot;stretch_section&quot;:&quot;section-stretched&quot;}\">\n\t\t\t\t\t\t<div class=\"elementor-container elementor-column-gap-default\">\n\t\t\t\t\t<div class=\"elementor-column elementor-col-33 elementor-top-column elementor-element elementor-element-61bf44c\" data-id=\"61bf44c\" data-element_type=\"column\" data-e-type=\"column\">\n\t\t\t<div class=\"elementor-widget-wrap elementor-element-populated\">\n\t\t\t\t\t\t<div class=\"elementor-element elementor-element-944ff80 elementor-position-top elementor-invisible elementor-widget elementor-widget-image-box\" data-id=\"944ff80\" data-element_type=\"widget\" data-e-type=\"widget\" data-settings=\"{&quot;_animation&quot;:&quot;fadeInLeft&quot;,&quot;_animation_delay&quot;:100}\" data-widget_type=\"image-box.default\">\n\t\t\t\t<div class=\"elementor-widget-container\">\n\t\t\t\t\t<div class=\"elementor-image-box-wrapper\"><figure class=\"elementor-image-box-img\"><img fetchpriority=\"high\" decoding=\"async\" width=\"500\" height=\"169\" src=\"https:\/\/budomur.pl\/wp-content\/uploads\/2019\/05\/c402a2ab3fc81e89c5fb463f3d449a2a.jpg\" class=\"attachment-full size-full wp-image-2735\" alt=\"\" srcset=\"https:\/\/budomur.pl\/wp-content\/uploads\/2019\/05\/c402a2ab3fc81e89c5fb463f3d449a2a.jpg 500w, https:\/\/budomur.pl\/wp-content\/uploads\/2019\/05\/c402a2ab3fc81e89c5fb463f3d449a2a-300x101.jpg 300w\" sizes=\"(max-width: 500px) 100vw, 500px\" \/><\/figure><div class=\"elementor-image-box-content\"><h3 class=\"elementor-image-box-title\">GAZELE BIZNESU<\/h3><p class=\"elementor-image-box-description\">Jest nam bardzo mi\u0142o podzieli\u0107 si\u0119 z Pa\u0144stwem wiadomo\u015bci\u0105 o tym, \u017ce po raz trzeci otrzymali\u015bmy tytu\u0142 GAZELI BIZNESU! Ranking Gazele Biznesu to ranking najbardziej dynamicznie rozwijaj\u0105cych si\u0119 ma\u0142ych i \u015brednich firm. Organizatorem jest Puls Biznesu, autorem rankingu jest Coface, a partnerem strategicznym Bank Polski PKO SA. Miejsce PHU BUDOMUR w rankingu og\u00f3lnopolskim: 749, miejsce w rankingu wojew\u00f3dztw (woj. mazowieckie) 183<\/p><\/div><\/div>\t\t\t\t<\/div>\n\t\t\t\t<\/div>\n\t\t\t\t\t<\/div>\n\t\t<\/div>\n\t\t\t\t<div class=\"elementor-column elementor-col-33 elementor-top-column elementor-element elementor-element-5a33139\" data-id=\"5a33139\" data-element_type=\"column\" data-e-type=\"column\">\n\t\t\t<div class=\"elementor-widget-wrap elementor-element-populated\">\n\t\t\t\t\t\t<div class=\"elementor-element elementor-element-4b18f52 elementor-position-top elementor-invisible elementor-widget elementor-widget-image-box\" data-id=\"4b18f52\" data-element_type=\"widget\" data-e-type=\"widget\" data-settings=\"{&quot;_animation&quot;:&quot;fadeInLeft&quot;,&quot;_animation_delay&quot;:200}\" data-widget_type=\"image-box.default\">\n\t\t\t\t<div class=\"elementor-widget-container\">\n\t\t\t\t\t<div class=\"elementor-image-box-wrapper\"><figure class=\"elementor-image-box-img\"><img decoding=\"async\" width=\"300\" height=\"122\" src=\"https:\/\/budomur.pl\/wp-content\/uploads\/2019\/05\/Przechwytywanie-1-300x122.jpg\" class=\"attachment-full size-full wp-image-2737\" alt=\"\" \/><\/figure><div class=\"elementor-image-box-content\"><h3 class=\"elementor-image-box-title\">RZETELNA FIRMA<\/h3><p class=\"elementor-image-box-description\">Nasza firma bierze udzia\u0142 w programie Rzetelna Firma \u2013 Certyfikat Rzetelno\u015bci jest przyznawany w ramach programu Rzetelna Firma\ni jest stale aktualizowan\u0105 informacj\u0105 o solidno\u015bci i wyp\u0142acalno\u015bci firmy.<\/p><\/div><\/div>\t\t\t\t<\/div>\n\t\t\t\t<\/div>\n\t\t\t\t\t<\/div>\n\t\t<\/div>\n\t\t\t\t<div class=\"elementor-column elementor-col-33 elementor-top-column elementor-element elementor-element-ceaa93e\" data-id=\"ceaa93e\" data-element_type=\"column\" data-e-type=\"column\">\n\t\t\t<div class=\"elementor-widget-wrap elementor-element-populated\">\n\t\t\t\t\t\t<div class=\"elementor-element elementor-element-2c75f3e elementor-position-top elementor-invisible elementor-widget elementor-widget-image-box\" data-id=\"2c75f3e\" data-element_type=\"widget\" data-e-type=\"widget\" data-settings=\"{&quot;_animation&quot;:&quot;fadeInLeft&quot;,&quot;_animation_delay&quot;:300}\" data-widget_type=\"image-box.default\">\n\t\t\t\t<div class=\"elementor-widget-container\">\n\t\t\t\t\t<div class=\"elementor-image-box-wrapper\"><figure class=\"elementor-image-box-img\"><img decoding=\"async\" width=\"300\" height=\"133\" src=\"https:\/\/budomur.pl\/wp-content\/uploads\/2019\/05\/orze\u0142-do-strony-300x176-3.jpg\" class=\"attachment-full size-full wp-image-2834\" alt=\"\" \/><\/figure><div class=\"elementor-image-box-content\"><h3 class=\"elementor-image-box-title\">OR\u0141Y BUDOWNICTWA<\/h3><p class=\"elementor-image-box-description\">PHU BUDOMUR Sp. z o. o. uzyska\u0142a tytu\u0142 \u201eOr\u0142y Polskiego Budownictwa 2015\u201d\nW tym roku po raz kolejny kapitu\u0142y konkurs\u00f3w wyr\u00f3\u017cni\u0142y produkty, us\u0142ugi, technologie, lider\u00f3w w swoich dziedzinach, kt\u00f3rzy znacz\u0105c\u0105 odznaczaj\u0105 si\u0119 na tle konkurencji. Laureaci ka\u017cdej z inicjatyw to podmioty, kt\u00f3re odnosz\u0105 sukcesy na rynku, s\u0105 wzorowo zarz\u0105dzane, rozwijaj\u0105 si\u0119 w dynamiczny spos\u00f3b, dlatego \u015bmia\u0142o mo\u017cna o nich powiedzie\u0107, \u017ce s\u0105 wizyt\u00f3wk\u0105 polskiej gospodark<\/p><\/div><\/div>\t\t\t\t<\/div>\n\t\t\t\t<\/div>\n\t\t\t\t\t<\/div>\n\t\t<\/div>\n\t\t\t\t\t<\/div>\n\t\t<\/section>\n\t\t\t\t<section class=\"elementor-section elementor-top-section elementor-element elementor-element-54416aa8 elementor-section-stretched elementor-section-boxed elementor-section-height-default elementor-section-height-default\" data-id=\"54416aa8\" data-element_type=\"section\" data-e-type=\"section\" data-settings=\"{&quot;background_background&quot;:&quot;classic&quot;,&quot;shape_divider_top&quot;:&quot;curve&quot;,&quot;shape_divider_top_negative&quot;:&quot;yes&quot;,&quot;stretch_section&quot;:&quot;section-stretched&quot;}\">\n\t\t\t\t\t\t\t<div class=\"elementor-background-overlay\"><\/div>\n\t\t\t\t\t\t<div class=\"elementor-shape elementor-shape-top\" aria-hidden=\"true\" data-negative=\"true\">\n\t\t\t<svg xmlns=\"http:\/\/www.w3.org\/2000\/svg\" viewBox=\"0 0 1000 100\" preserveAspectRatio=\"none\">\n\t<path class=\"elementor-shape-fill\" d=\"M500,97C126.7,96.3,0.8,19.8,0,0v100l1000,0V1C1000,19.4,873.3,97.8,500,97z\"\/>\n<\/svg>\t\t<\/div>\n\t\t\t\t\t<div class=\"elementor-container elementor-column-gap-default\">\n\t\t\t\t\t<div class=\"elementor-column elementor-col-100 elementor-top-column elementor-element elementor-element-3e762dcd\" data-id=\"3e762dcd\" data-element_type=\"column\" data-e-type=\"column\">\n\t\t\t<div class=\"elementor-widget-wrap\">\n\t\t\t\t\t\t\t<\/div>\n\t\t<\/div>\n\t\t\t\t\t<\/div>\n\t\t<\/section>\n\t\t\t\t<\/div>\n\t\t","protected":false},"excerpt":{"rendered":"<p>O nas Nasza historia Przedsi\u0119biorstwo Handlowo-Us\u0142ugowe BUDOMUR zosta\u0142o za\u0142o\u017cone w maju 1999 r. jako odpowied\u017a na zapotrzebowanie rynku na dobre budownictwo. Siedzib\u0105 firmy jest Pu\u0142tusk.&hellip; <\/p>\n","protected":false},"author":1,"featured_media":0,"parent":0,"menu_order":1,"comment_status":"closed","ping_status":"closed","template":"","meta":{"footnotes":""},"class_list":["post-24","page","type-page","status-publish","hentry"],"_links":{"self":[{"href":"https:\/\/budomur.pl\/index.php?rest_route=\/wp\/v2\/pages\/24","targetHints":{"allow":["GET"]}}],"collection":[{"href":"https:\/\/budomur.pl\/index.php?rest_route=\/wp\/v2\/pages"}],"about":[{"href":"https:\/\/budomur.pl\/index.php?rest_route=\/wp\/v2\/types\/page"}],"author":[{"embeddable":true,"href":"https:\/\/budomur.pl\/index.php?rest_route=\/wp\/v2\/users\/1"}],"replies":[{"embeddable":true,"href":"https:\/\/budomur.pl\/index.php?rest_route=%2Fwp%2Fv2%2Fcomments&post=24"}],"version-history":[{"count":32,"href":"https:\/\/budomur.pl\/index.php?rest_route=\/wp\/v2\/pages\/24\/revisions"}],"predecessor-version":[{"id":3586,"href":"https:\/\/budomur.pl\/index.php?rest_route=\/wp\/v2\/pages\/24\/revisions\/3586"}],"wp:attachment":[{"href":"https:\/\/budomur.pl\/index.php?rest_route=%2Fwp%2Fv2%2Fmedia&parent=24"}],"curies":[{"name":"wp","href":"https:\/\/api.w.org\/{rel}","templated":true}]}}